rs of u?
2, 1601
Suppose -3*s + 46043 = -o, -154*s - 4*o = -149*s - 76778. What are the prime factors of s?
2, 5, 307
Suppose -2*g - 3*g + 155 = 0. Let n = g - 31. Suppose -c - 3*c = -4*d + 220, -4*d + 5*c + 216 = n. What are the prime factors of d?
59
Suppose -3*r - 24 = -2*b, 4*r + 2 = -b - 30. Let s(n) = -n**3 - 6*n**2 + 15*n + 4. What are the prime factors of s(r)?
2, 3
Suppose -7*s = 11*s + 13284. Let o = -468 - s. What are the prime factors of o?
2, 3, 5
Suppose 7 = 4*p - 9. Let y be p/(-12) + 1/(6/638). Suppose -9*l + 817 = y. List the prime factors of l.
79
Suppose 3*v + 237 = -5*u + 1670, 0 = -3*v + 4*u + 1397. What are the prime factors of 3/(3*-6)*-8*v?
2, 157
Let y be 37/2 + 1/(-2). Suppose -17*m + 376 = 104. Suppose 5*z = 5*d - 1 + m, -y = -4*z + d. What are the prime factors of z?
5
Let y be (2/(-5))/(20/30)*-5. Suppose 0*o - 2*i = -y*o + 4, 16 = o + 3*i. Let n(p) = 23*p. List the prime factors of n(o).
2, 23
Let b(x) = -x - 2*x + 2*x**2 + 7*x**3 - 2 + 214*x**3 + 4. Suppose -5*y = -5*s + 6*s, -4*s - 17 = 3*y. List the prime factors of b(y).
2, 3, 37
Suppose -2*b - 2*l - 1 = -3*l, 20 = 4*l. Let q be 11/5 - b - 8157/(-15). Suppose -2*d = -x + 116, 4*d - 5*d - q = -5*x. What are the prime factors of x?
2, 3
Let u(w) be the third derivative of 0*w - 5/3*w**3 - 1/60*w**5 - w**2 + 0 - 5/12*w**4. What are the prime factors of u(-5)?
3, 5
Suppose 0 = -4*m - c + 17, 0 = -3*m - 7*c + 6*c + 14. Suppose 2*u - 7*u = 25, 3*o + 1 = u. List the prime factors of (o + 0)*-1 + 105/m.
37
Let m(z) = 38*z - 72. Let r be m(2). Suppose -21*n - 1280 = -25*n - r*s, -1584 = -5*n - s. List the prime factors of n.
2, 79
Let y = 223 + -221. Suppose -y*s - x = -613, x = -3*s - 3*x + 917. What are the prime factors of s?
307
Let m = -3 + 18. Suppose -8*p - 5054 = -m*p. List the prime factors of p.
2, 19
What are the prime factors of (-378 + -4)/(9/(-72))?
2, 191
Let b = 2783 + 11386. What are the prime factors of b?
3, 4723
Suppose -2141 = 5*s + 2564. Let q = s + 1735. List the prime factors of q.
2, 397
Suppose 3*u + 6 = -3*l + 6*u, -3*l + 8 = 4*u. Suppose l = 16*f - 25*f + 909. List the prime factors of f.
101
Let b be (-21)/(-42) - (-10)/4. Suppose 32 = -b*y + n, -69 - 7 = 5*y + 4*n. List the prime factors of 147/y*(-14 - 6).
5, 7
Let w(h) = -286*h + 5533. List the prime factors of w(0).
11, 503
Let z(g) = -g - 18. Let h(r) = -10*r**2 - 3*r + 4. Let v be h(1). Let w be z(v). Let d(l) = l**3 + 11*l**2 + 7*l - 17. What are the prime factors of d(w)?
2, 41
Suppose 0 = 149*b - 144*b - 15, -5*d + 3*b = -17376. What are the prime factors of d?
3, 19, 61
Let a = 6 - 2. Suppose 9*z + 23 = -a. List the prime factors of ((-189)/14)/(z/18).
3
Let q(o) = 118*o**3 + 26*o**2 - 123*o + 7. What are the prime factors of q(4)?
7, 1069
Let d(m) = m**3 - 16*m**2 - 36*m + 25. Let z be d(18). What are the prime factors of z*(132/30 - 4)?
2, 5
Let p(u) = -u**3 - 19*u**2 + 22*u - 9. List the prime factors of p(-21).
3, 137
Suppose 5*d + 77 = -6*d. Let h(b) = b**3 + 14*b**2 + 10*b + 6. List the prime factors of h(d).
3, 31
Let j be 47*(5/1 + -4 + -2). Let k = j + -7. Let b = k - -232. List the prime factors of b.
2, 89
Let n = 9895 + -5415. Suppose -15*r - n = -22*r. List the prime factors of r.
2, 5
Let b(l) = 711*l - 5263. List the prime factors of b(24).
11801
Let w be 5*5/(150/(-1638)). Let x = w - -389. What are the prime factors of x?
2, 29
Suppose -3*q - 6 = -4*p + 2*p, 0 = -4*q + 3*p - 9. Suppose -3*b + 758 = -5*h, 5*b + q*b = 3*h + 1242. What are the prime factors of b?
2, 3, 41
Suppose 24*i = 26*i - 4. List the prime factors of (i - 238/(-3))/(14/21).
2, 61
Let t(o) = 4*o**2 - 12*o + 4. Let k(q) = -q**2 + 4*q - 1. Let n(h) = 7*k(h) + 2*t(h). Let c be n(-2). What are the prime factors of (c + 3 - 2)/((-4)/46)?
23
Suppose 2*d + 9 = 17. Suppose -5*v = 2*p - 0*v - d, -3*v - 4 = -2*p. Suppose -p*x = -5*x + 243. List the prime factors of x.
3
Let r(n) = -11*n - 64 - 81 + 4*n + 44 + 3*n**2 - 5. What are the prime factors of r(-14)?
2, 5, 29
Let q = -37 - -41. Let b(l) = q*l + l + 0 + 17 + 2*l. What are the prime factors of b(9)?
2, 5
Let w(k) = k**3 - 20*k**2 - k + 25. Let a be w(20). List the prime factors of 139 - ((-24)/60 - (-2)/a).
139
Suppose -18*n + 70322 + 7220 = 15460. What are the prime factors of n?
3449
Suppose 41*p = 40*p. Suppose p = -5*i - 4*b - 0*b - 34, -3 = 3*b. What are the prime factors of (5/((-15)/47))/(2/i)?
47
Suppose 20251 = 3*d + 2*c, -c - 857 = d - 7607. What are the prime factors of d?
43, 157
Let d(j) = -90*j + 25. Let o(k) = -1. Let w(h) = d(h) + 15*o(h). What are the prime factors of w(-3)?
2, 5, 7
Suppose 0 = d + 9*x - 228, 0*x = 4*d + 5*x - 912. Let n(m) = 109*m**2 + m. Let j be n(-1). Let o = d - j. List the prime factors of o.
2, 3, 5
Suppose 208*a - 956209 - 83375 = 0. List the prime factors of a.
2, 3, 7, 17
Let q(u) = -34*u - 1. Let k be q(-1). Let x(n) = n**2 + 5*n + 35. Let v be x(-9). Let j = v - k. What are the prime factors of j?
2, 19
What are the prime factors of 56/6*7167049/1788 - 3/(-27)?
2, 47, 199
Let y(a) = a**3 - 4*a**2 + 6*a + 1. Let t = -86 + 88. Let w be y(t). Suppose 4*h + 154 = w*h. What are the prime factors of h?
2, 7, 11
Suppose -3*f + 0*k + 3*k - 561 = 0, 0 = 5*f - 4*k + 932. Let x = f + 61. Let d = x + 210. List the prime factors of d.
3, 29
Let h be (1 - -189) + (3/1)/1. Suppose 29*w - 27*w = -s + h, -s - 4*w + 197 = 0. What are the prime factors of s?
3, 7
Let z(x) = 783*x**2 + 10*x + 32. Let c be z(-3). Suppose -12*y + 19*y = c. List the prime factors of y.
19, 53
Let s(v) = 2527*v**2 + v - 16. What are the prime factors of s(-2)?
2, 5, 1009
Let a(p) = -22*p**3 - 3*p**2 + 3*p + 8. Let q be a(-3). Let z = 961 - q. What are the prime factors of z?
5, 79
Let l = 5065 - -5505. List the prime factors of l.
2, 5, 7, 151
Suppose 356*m - 460*m + 1555528 = 0. List the prime factors of m.
14957
List the prime factors of ((-10341)/12)/1*(-96)/36.
2, 3, 383
Let t be (-4)/(-12) + (-40)/(-15). Suppose -4*z = -t*b - 748, -4*z - b + 431 = -333. What are the prime factors of z?
2, 5, 19
Let n = 30 + -30. Suppose 0 = k, 5*k = -n*c + 4*c. Suppose -56 = -c*j - j. List the prime factors of j.
2, 7
Let r(p) = 18*p**2 - 4*p + 17. Let d be r(-6). Let q = -335 + d. List the prime factors of q.
2, 3, 59
Let v(z) = -z**2 + 35*z - 60. Let w be v(34). What are the prime factors of ((-6)/8)/(w/15080)?
3, 5, 29
Let l(m) be the third derivative of -m**6/10 + m**5/30 + m**4/24 + m**3/6 + 5*m**2. Let g be l(-2). Suppose 0 = -j + g - 24. What are the prime factors of j?
79
Suppose 5*v - 96 = -j, j = -1 - 3. Let o = 22 - v. Suppose 99 = x + o*x. What are the prime factors of x?
3, 11
Let g(l) = l**3 + 30*l**2 - 66*l - 58. Let i be g(-32). Suppose -3914 = -i*w + 244. What are the prime factors of w?
3, 7, 11
Let v be 0 + (6 - (5 - 4)). Suppose -v*c - 833 = -2*x - 3988, -2524 = -4*c + x. List the prime factors of c.
631
Let k(d) = 9*d**3 + 1. Let q(n) = -n**2 - 7*n + 9. Let w be q(-8). Let v be k(w). What are the prime factors of v + 1/((-3)/3)?
3
What are the prime factors of 18975 + -1 + (40/(-13 + 8) - -6)?
2, 3, 17, 31
Suppose 0 = -27*n + 1222 + 1883. Let p(a) = -8*a**3 - a**2 + 2*a - 1. Let b be p(-3). Let d = b - n. List the prime factors of d.
5, 17
Let p(y) = -y**3 + 20*y**2 - 17*y - 33. Suppose 0 = -3*o - 27 + 84. Let w be p(o). Suppose n - w*b + 9 = 42, 0 = b - 5. What are the prime factors of n?
2, 29
Suppose 0 = 15*v - 11*v - 4*j - 8, 2*v - 4 = -2*j. Let r(l) = 21*l**2 - 3*l + 44*l**2 + 58*l**v + 1. What are the prime factors of r(1)?
11
Let h(l) = l**3 + 72*l**2 - 26*l + 89. List the prime factors of h(-59).
2, 11719
Let p(h) = 247*h + 6. Let u be -3*(-2)/12*4. Let y be p(u). Suppose -401 = -4*f - 3*d, -5*f + y = -8*d + 12*d. List the prime factors of f.
2, 13
Suppose 113764 - 273604 = -27*p. What are the prime factors of p?
2, 5, 37
Let m = 14199 - -1775. What are the prime factors of m?
2, 7, 163
Let o be (-2 + (-40)/(-5) - 3) + -3. What are the prime factors of (o - 5) + (-12 - -1016)?
3, 37
Let u = -371 + -1103. Let o = u + 2144. List the prime factors of o.
2, 5, 67
Suppose 4*q + 120 = 9*q. Suppose q*f - 22*f - 516 = 0. Let i = -168 + f. List the prime factors of i.
2, 3, 5
Let g be 16/(-32)*2*-1. Suppose -17 = 5*b + 4*o, -3*b - 5